CRAN Package Check Results for Package cubature

Last updated on 2015-03-27 11:47:57.

Flavor Version Tinstall Tcheck Ttotal Status Flags
r-devel-linux-x86_64-debian-clang 1.1-2 1.23 11.12 12.35 NOTE
r-devel-linux-x86_64-debian-gcc 1.1-2 1.66 11.15 12.81 NOTE
r-devel-linux-x86_64-fedora-clang 1.1-2 24.03 NOTE
r-devel-linux-x86_64-fedora-gcc 1.1-2 22.41 NOTE
r-devel-osx-x86_64-clang 1.1-2 30.01 NOTE
r-prerel-windows-ix86+x86_64 1.1-2 8.00 28.00 36.00 NOTE
r-prerel-linux-x86_64 1.1-2 1.42 10.83 12.25 NOTE
r-prerel-solaris-sparc 1.1-2 150.00 NOTE
r-prerel-solaris-x86 1.1-2 32.30 NOTE
r-release-linux-x86_64 1.1-2 1.58 11.80 13.38 NOTE
r-release-osx-x86_64-mavericks 1.1-2 NOTE
r-release-windows-ix86+x86_64 1.1-2 11.00 27.00 38.00 NOTE
r-oldrel-windows-ix86+x86_64 1.1-2 7.00 32.00 39.00 OK

Check Details

Version: 1.1-2
Check: DESCRIPTION meta-information
Result: NOTE
    Malformed Description field: should contain one or more complete sentences.
Flavors: r-devel-linux-x86_64-debian-clang, r-devel-linux-x86_64-debian-gcc, r-devel-linux-x86_64-fedora-clang, r-devel-linux-x86_64-fedora-gcc, r-devel-osx-x86_64-clang, r-prerel-windows-ix86+x86_64, r-prerel-linux-x86_64, r-prerel-solaris-sparc, r-prerel-solaris-x86

Version: 1.1-2
Check: line endings in Makefiles
Result: NOTE
    Found the following Makefile(s) without a final LF:
     src/Makevars
    Some ‘make’ programs ignore lines not ending in LF.
Flavors: r-devel-linux-x86_64-debian-clang, r-devel-linux-x86_64-debian-gcc, r-devel-linux-x86_64-fedora-clang, r-devel-linux-x86_64-fedora-gcc, r-devel-osx-x86_64-clang, r-prerel-windows-ix86+x86_64, r-prerel-linux-x86_64, r-prerel-solaris-sparc, r-prerel-solaris-x86, r-release-linux-x86_64, r-release-osx-x86_64-mavericks, r-release-windows-ix86+x86_64