CRAN Package Check Results for Package cubature

Last updated on 2015-04-18 11:25:28.

Flavor Version Tinstall Tcheck Ttotal Status Flags
r-devel-linux-x86_64-debian-clang 1.1-2 1.17 11.14 12.31 NOTE
r-devel-linux-x86_64-debian-gcc 1.1-2 1.44 11.00 12.45 NOTE
r-devel-linux-x86_64-fedora-clang 1.1-2 24.40 NOTE
r-devel-linux-x86_64-fedora-gcc 1.1-2 22.69 NOTE
r-devel-osx-x86_64-clang 1.1-2 25.74 NOTE
r-patched-linux-x86_64 1.1-2 1.51 11.45 12.96 NOTE
r-patched-solaris-sparc 1.1-2 150.00 NOTE
r-patched-solaris-x86 1.1-2 33.80 NOTE
r-release-linux-x86_64 1.1-2 1.50 10.77 12.26 NOTE
r-release-osx-x86_64-mavericks 1.1-2 NOTE
r-release-windows-ix86+x86_64 1.1-2 11.00 27.00 38.00 NOTE
r-oldrel-windows-ix86+x86_64 1.1-2 7.00 32.00 39.00 OK

Check Details

Version: 1.1-2
Check: DESCRIPTION meta-information
Result: NOTE
    Malformed Description field: should contain one or more complete sentences.
Flavors: r-devel-linux-x86_64-debian-clang, r-devel-linux-x86_64-debian-gcc, r-devel-linux-x86_64-fedora-clang, r-devel-linux-x86_64-fedora-gcc, r-devel-osx-x86_64-clang, r-patched-linux-x86_64, r-patched-solaris-sparc, r-patched-solaris-x86, r-release-linux-x86_64

Version: 1.1-2
Check: line endings in Makefiles
Result: NOTE
    Found the following Makefile(s) without a final LF:
     src/Makevars
    Some ‘make’ programs ignore lines not ending in LF.
Flavors: r-devel-linux-x86_64-debian-clang, r-devel-linux-x86_64-debian-gcc, r-devel-linux-x86_64-fedora-clang, r-devel-linux-x86_64-fedora-gcc, r-devel-osx-x86_64-clang, r-patched-linux-x86_64, r-patched-solaris-sparc, r-patched-solaris-x86, r-release-linux-x86_64, r-release-osx-x86_64-mavericks, r-release-windows-ix86+x86_64