CRAN Package Check Results for Package StatMatch

Last updated on 2014-10-19 09:49:21.

Flavor Version Tinstall Tcheck Ttotal Status Flags
r-devel-linux-x86_64-debian-clang 1.2.2 1.30 68.67 69.98 NOTE
r-devel-linux-x86_64-debian-gcc 1.2.2 1.22 67.56 68.78 NOTE
r-devel-linux-x86_64-fedora-clang 1.2.2 147.51 NOTE
r-devel-linux-x86_64-fedora-gcc 1.2.2 138.91 NOTE
r-devel-osx-x86_64-clang 1.2.2 132.23 NOTE
r-devel-windows-ix86+x86_64 1.2.2 4.00 93.00 97.00 NOTE
r-patched-linux-x86_64 1.2.2 1.26 70.62 71.88 NOTE
r-patched-solaris-sparc 1.2.2 319.60 NOTE --no-vignettes
r-patched-solaris-x86 1.2.2 247.90 NOTE
r-release-linux-ix86 1.2.2 1.80 93.90 95.70 OK
r-release-linux-x86_64 1.2.2 1.45 72.41 73.86 OK
r-release-osx-x86_64-mavericks 1.2.2 OK
r-release-osx-x86_64-snowleopard 1.2.2 OK
r-release-windows-ix86+x86_64 1.2.2 4.00 100.00 104.00 OK
r-oldrel-windows-ix86+x86_64 1.2.2 6.00 100.00 106.00 OK

Check Details

Version: 1.2.2
Check: R code for possible problems
Result: NOTE
    NND.hotdeck : NND.hd: no visible global function definition for
     ‘lp.assign’
    NND.hotdeck : NND.hd: no visible global function definition for
     ‘lp.transport’
    mixed.mtc: no visible global function definition for ‘lp.assign’
    mixed.mtc: no visible global function definition for ‘lp.transport’
    rankNND.hotdeck : rankNND.hd: no visible global function definition for
     ‘lp.assign’
    rankNND.hotdeck : rankNND.hd: no visible global function definition for
     ‘lp.transport’
Flavors: r-devel-linux-x86_64-debian-clang, r-devel-linux-x86_64-debian-gcc, r-devel-linux-x86_64-fedora-clang, r-devel-linux-x86_64-fedora-gcc, r-devel-osx-x86_64-clang, r-devel-windows-ix86+x86_64, r-patched-linux-x86_64, r-patched-solaris-x86

Version: 1.2.2
Flags: --no-vignettes
Check: R code for possible problems
Result: NOTE
    NND.hotdeck : NND.hd: no visible global function definition for
     ‘lp.assign’
    NND.hotdeck : NND.hd: no visible global function definition for
     ‘lp.transport’
    mixed.mtc: no visible global function definition for ‘lp.assign’
    mixed.mtc: no visible global function definition for ‘lp.transport’
    rankNND.hotdeck : rankNND.hd: no visible global function definition for
     ‘lp.assign’
    rankNND.hotdeck : rankNND.hd: no visible global function definition for
     ‘lp.transport’
Flavor: r-patched-solaris-sparc