CRAN Package Check Results for Package StatMatch

Last updated on 2014-12-17 11:49:10.

Flavor Version Tinstall Tcheck Ttotal Status Flags
r-devel-linux-x86_64-debian-clang 1.2.2 1.37 71.22 72.59 NOTE
r-devel-linux-x86_64-debian-gcc 1.2.2 1.18 66.37 67.55 NOTE
r-devel-linux-x86_64-fedora-clang 1.2.2 143.03 NOTE
r-devel-linux-x86_64-fedora-gcc 1.2.2 135.13 NOTE
r-devel-osx-x86_64-clang 1.2.2 140.63 NOTE
r-devel-windows-ix86+x86_64 1.2.2 8.00 97.00 105.00 NOTE
r-patched-linux-x86_64 1.2.2 1.26 69.76 71.02 NOTE
r-patched-solaris-sparc 1.2.2 319.60 NOTE --no-vignettes
r-patched-solaris-x86 1.2.2 233.30 NOTE
r-release-linux-ix86 1.2.2 1.72 87.68 89.39 NOTE
r-release-linux-x86_64 1.2.2 1.24 74.59 75.84 NOTE
r-release-osx-x86_64-mavericks 1.2.2 OK
r-release-osx-x86_64-snowleopard 1.2.2 OK
r-release-windows-ix86+x86_64 1.2.2 5.00 109.00 114.00 NOTE
r-oldrel-windows-ix86+x86_64 1.2.2 13.00 98.00 111.00 OK

Check Details

Version: 1.2.2
Check: R code for possible problems
Result: NOTE
    NND.hotdeck : NND.hd: no visible global function definition for
     ‘lp.assign’
    NND.hotdeck : NND.hd: no visible global function definition for
     ‘lp.transport’
    mixed.mtc: no visible global function definition for ‘lp.assign’
    mixed.mtc: no visible global function definition for ‘lp.transport’
    rankNND.hotdeck : rankNND.hd: no visible global function definition for
     ‘lp.assign’
    rankNND.hotdeck : rankNND.hd: no visible global function definition for
     ‘lp.transport’
Flavors: r-devel-linux-x86_64-debian-clang, r-devel-linux-x86_64-debian-gcc, r-devel-linux-x86_64-fedora-clang, r-devel-linux-x86_64-fedora-gcc, r-devel-osx-x86_64-clang, r-devel-windows-ix86+x86_64, r-patched-linux-x86_64, r-patched-solaris-x86, r-release-linux-ix86, r-release-linux-x86_64, r-release-windows-ix86+x86_64

Version: 1.2.2
Flags: --no-vignettes
Check: R code for possible problems
Result: NOTE
    NND.hotdeck : NND.hd: no visible global function definition for
     ‘lp.assign’
    NND.hotdeck : NND.hd: no visible global function definition for
     ‘lp.transport’
    mixed.mtc: no visible global function definition for ‘lp.assign’
    mixed.mtc: no visible global function definition for ‘lp.transport’
    rankNND.hotdeck : rankNND.hd: no visible global function definition for
     ‘lp.assign’
    rankNND.hotdeck : rankNND.hd: no visible global function definition for
     ‘lp.transport’
Flavor: r-patched-solaris-sparc