CRAN Package Check Results for Package RQuantLib

Last updated on 2014-11-23 11:47:23.

Flavor Version Tinstall Tcheck Ttotal Status Flags
r-devel-linux-x86_64-debian-clang 0.3.12 186.24 29.74 215.97 NOTE
r-devel-linux-x86_64-debian-gcc 0.3.12 307.39 29.63 337.02 NOTE
r-devel-linux-x86_64-fedora-gcc 0.3.12 560.70 NOTE
r-devel-windows-ix86+x86_64 0.3.12 939.00 178.00 1117.00 NOTE
r-patched-linux-x86_64 0.3.12 315.27 29.21 344.48 NOTE
r-release-linux-ix86 0.3.12 384.85 43.53 428.38 NOTE
r-release-linux-x86_64 0.3.12 307.36 30.56 337.92 NOTE
r-release-osx-x86_64-mavericks 0.3.12 ERROR
r-release-osx-x86_64-snowleopard 0.3.12 NOTE
r-release-windows-ix86+x86_64 0.3.12 940.00 156.00 1096.00 NOTE
r-oldrel-windows-ix86+x86_64 0.3.12 905.00 183.00 1088.00 NOTE

Check Details

Version: 0.3.12
Check: installed package size
Result: NOTE
     installed size is 33.4Mb
     sub-directories of 1Mb or more:
     libs 33.1Mb
Flavors: r-devel-linux-x86_64-debian-clang, r-devel-linux-x86_64-debian-gcc, r-devel-linux-x86_64-fedora-gcc, r-devel-windows-ix86+x86_64, r-patched-linux-x86_64, r-release-linux-ix86, r-release-linux-x86_64, r-release-osx-x86_64-snowleopard, r-release-windows-ix86+x86_64, r-oldrel-windows-ix86+x86_64

Version: 0.3.12
Check: compiled code
Result: NOTE
    File 'RQuantLib/libs/i386/RQuantLib.dll':
     Found '_ZSt4cerr', possibly from 'std::cerr' (C++)
     Objects: 'asian.o', 'barrier_binary.o', 'bermudan.o', 'bonds.o',
     'calendars.o', 'curves.o', 'daycounter.o', 'discount.o',
     'hullwhite.o', 'implieds.o', 'modules.o', 'utils.o', 'vanilla.o',
     'zero.o'
    File 'RQuantLib/libs/x64/RQuantLib.dll':
     Found '_ZSt4cerr', possibly from 'std::cerr' (C++)
     Objects: 'asian.o', 'barrier_binary.o', 'bermudan.o', 'bonds.o',
     'calendars.o', 'curves.o', 'daycounter.o', 'discount.o',
     'hullwhite.o', 'implieds.o', 'modules.o', 'utils.o', 'vanilla.o',
     'zero.o'
    
    Compiled code should not call entry points which might terminate R nor
    write to stdout/stderr instead of to the console, nor the C RNG.
    
    See 'Writing portable packages' in the 'Writing R Extensions' manual.
Flavors: r-devel-windows-ix86+x86_64, r-release-windows-ix86+x86_64

Version: 0.3.12
Check: whether package can be installed
Result: ERROR
    Installation failed.
Flavor: r-release-osx-x86_64-mavericks

Version: 0.3.12
Check: compiled code
Result: NOTE
    File 'd:/Rcompile/CRANpkg/lib/3.0/RQuantLib/libs/i386/RQuantLib.dll':
     Found '_ZSt4cerr', possibly from 'std::cerr' (C++)
     Objects: 'asian.o', 'barrier_binary.o', 'bermudan.o', 'bonds.o',
     'calendars.o', 'curves.o', 'daycounter.o', 'discount.o',
     'hullwhite.o', 'implieds.o', 'modules.o', 'utils.o', 'vanilla.o',
     'zero.o'
    File 'd:/Rcompile/CRANpkg/lib/3.0/RQuantLib/libs/x64/RQuantLib.dll':
     Found '_ZSt4cerr', possibly from 'std::cerr' (C++)
     Objects: 'asian.o', 'barrier_binary.o', 'bermudan.o', 'bonds.o',
     'calendars.o', 'curves.o', 'daycounter.o', 'discount.o',
     'hullwhite.o', 'implieds.o', 'modules.o', 'utils.o', 'vanilla.o',
     'zero.o'
    
    Compiled code should not call entry points which might terminate R nor
    write to stdout/stderr instead of to the console.
    
    See 'Writing portable packages' in the 'Writing R Extensions' manual.
Flavor: r-oldrel-windows-ix86+x86_64