CRAN Package Check Results for Package RQuantLib

Last updated on 2014-09-02 11:48:48.

Flavor Version Tinstall Tcheck Ttotal Status Flags
r-devel-linux-x86_64-debian-clang 0.3.12 172.59 29.62 202.21 NOTE
r-devel-linux-x86_64-debian-gcc 0.3.12 311.69 28.04 339.73 NOTE
r-devel-linux-x86_64-fedora-gcc 0.3.12 561.90 NOTE
r-devel-windows-ix86+x86_64 0.3.12 764.00 144.00 908.00 NOTE
r-patched-linux-x86_64 0.3.12 312.05 28.41 340.46 NOTE
r-release-linux-ix86 0.3.12 407.05 48.46 455.51 NOTE
r-release-linux-x86_64 0.3.12 307.48 30.96 338.44 NOTE
r-release-osx-x86_64-mavericks 0.3.12 ERROR
r-release-osx-x86_64-snowleopard 0.3.12 NOTE
r-release-windows-ix86+x86_64 0.3.12 771.00 144.00 915.00 NOTE
r-oldrel-windows-ix86+x86_64 0.3.12 1020.00 166.00 1186.00 NOTE

Check Details

Version: 0.3.12
Check: installed package size
Result: NOTE
     installed size is 28.9Mb
     sub-directories of 1Mb or more:
     libs 28.5Mb
Flavors: r-devel-linux-x86_64-debian-clang, r-devel-linux-x86_64-debian-gcc, r-devel-linux-x86_64-fedora-gcc, r-devel-windows-ix86+x86_64, r-patched-linux-x86_64, r-release-linux-ix86, r-release-linux-x86_64, r-release-osx-x86_64-snowleopard, r-release-windows-ix86+x86_64, r-oldrel-windows-ix86+x86_64

Version: 0.3.12
Check: whether package can be installed
Result: ERROR
    Installation failed.
Flavor: r-release-osx-x86_64-mavericks