CRAN Package Check Results for Package RQuantLib

Last updated on 2014-12-21 11:46:43.

Flavor Version Tinstall Tcheck Ttotal Status Flags
r-devel-linux-x86_64-debian-clang 0.4.0 224.76 29.57 254.33 NOTE
r-devel-linux-x86_64-debian-gcc 0.4.0 358.80 27.89 386.69 NOTE
r-devel-windows-ix86+x86_64 0.4.0 1127.00 126.00 1253.00 NOTE
r-patched-linux-x86_64 0.4.0 382.70 28.38 411.08 NOTE
r-release-linux-ix86 0.4.0 451.64 41.30 492.94 NOTE
r-release-linux-x86_64 0.4.0 366.99 29.14 396.12 NOTE
r-release-osx-x86_64-mavericks 0.4.0 ERROR
r-release-osx-x86_64-snowleopard 0.4.0 ERROR
r-release-windows-ix86+x86_64 0.4.0 1097.00 132.00 1229.00 NOTE
r-oldrel-windows-ix86+x86_64 0.4.0 1108.00 160.00 1268.00 NOTE

Check Details

Version: 0.4.0
Check: installed package size
Result: NOTE
     installed size is 36.6Mb
     sub-directories of 1Mb or more:
     libs 36.1Mb
Flavors: r-devel-linux-x86_64-debian-clang, r-devel-linux-x86_64-debian-gcc, r-devel-windows-ix86+x86_64, r-patched-linux-x86_64, r-release-linux-ix86, r-release-linux-x86_64, r-release-windows-ix86+x86_64, r-oldrel-windows-ix86+x86_64

Version: 0.4.0
Check: compiled code
Result: NOTE
    File 'RQuantLib/libs/i386/RQuantLib.dll':
     Found '_ZSt4cerr', possibly from 'std::cerr' (C++)
     Objects: 'RcppExports.o', 'asian.o', 'barrier_binary.o',
     'bermudan.o', 'bonds.o', 'calendars.o', 'curves.o', 'dates.o',
     'daycounter.o', 'discount.o', 'hullwhite.o', 'implieds.o',
     'modules.o', 'schedule.o', 'utils.o', 'vanilla.o', 'zero.o'
    File 'RQuantLib/libs/x64/RQuantLib.dll':
     Found '_ZSt4cerr', possibly from 'std::cerr' (C++)
     Objects: 'RcppExports.o', 'asian.o', 'barrier_binary.o',
     'bermudan.o', 'bonds.o', 'calendars.o', 'curves.o', 'dates.o',
     'daycounter.o', 'discount.o', 'hullwhite.o', 'implieds.o',
     'modules.o', 'schedule.o', 'utils.o', 'vanilla.o', 'zero.o'
    
    Compiled code should not call entry points which might terminate R nor
    write to stdout/stderr instead of to the console, nor the system RNG.
    
    See 'Writing portable packages' in the 'Writing R Extensions' manual.
Flavor: r-devel-windows-ix86+x86_64

Version: 0.4.0
Check: whether package can be installed
Result: ERROR
    Installation failed.
Flavors: r-release-osx-x86_64-mavericks, r-release-osx-x86_64-snowleopard

Version: 0.4.0
Check: compiled code
Result: NOTE
    File 'RQuantLib/libs/i386/RQuantLib.dll':
     Found '_ZSt4cerr', possibly from 'std::cerr' (C++)
     Objects: 'RcppExports.o', 'asian.o', 'barrier_binary.o',
     'bermudan.o', 'bonds.o', 'calendars.o', 'curves.o', 'dates.o',
     'daycounter.o', 'discount.o', 'hullwhite.o', 'implieds.o',
     'modules.o', 'schedule.o', 'utils.o', 'vanilla.o', 'zero.o'
    File 'RQuantLib/libs/x64/RQuantLib.dll':
     Found '_ZSt4cerr', possibly from 'std::cerr' (C++)
     Objects: 'RcppExports.o', 'asian.o', 'barrier_binary.o',
     'bermudan.o', 'bonds.o', 'calendars.o', 'curves.o', 'dates.o',
     'daycounter.o', 'discount.o', 'hullwhite.o', 'implieds.o',
     'modules.o', 'schedule.o', 'utils.o', 'vanilla.o', 'zero.o'
    
    Compiled code should not call entry points which might terminate R nor
    write to stdout/stderr instead of to the console, nor the C RNG.
    
    See 'Writing portable packages' in the 'Writing R Extensions' manual.
Flavor: r-release-windows-ix86+x86_64

Version: 0.4.0
Check: compiled code
Result: NOTE
    File 'd:/Rcompile/CRANpkg/lib/3.0/RQuantLib/libs/i386/RQuantLib.dll':
     Found '_ZSt4cerr', possibly from 'std::cerr' (C++)
     Objects: 'RcppExports.o', 'asian.o', 'barrier_binary.o',
     'bermudan.o', 'bonds.o', 'calendars.o', 'curves.o', 'dates.o',
     'daycounter.o', 'discount.o', 'hullwhite.o', 'implieds.o',
     'modules.o', 'schedule.o', 'utils.o', 'vanilla.o', 'zero.o'
    File 'd:/Rcompile/CRANpkg/lib/3.0/RQuantLib/libs/x64/RQuantLib.dll':
     Found '_ZSt4cerr', possibly from 'std::cerr' (C++)
     Objects: 'RcppExports.o', 'asian.o', 'barrier_binary.o',
     'bermudan.o', 'bonds.o', 'calendars.o', 'curves.o', 'dates.o',
     'daycounter.o', 'discount.o', 'hullwhite.o', 'implieds.o',
     'modules.o', 'schedule.o', 'utils.o', 'vanilla.o', 'zero.o'
    
    Compiled code should not call entry points which might terminate R nor
    write to stdout/stderr instead of to the console.
    
    See 'Writing portable packages' in the 'Writing R Extensions' manual.
Flavor: r-oldrel-windows-ix86+x86_64