CRAN Package Check Results for Package RQuantLib

Last updated on 2015-03-03 12:50:46.

Flavor Version Tinstall Tcheck Ttotal Status Flags
r-devel-linux-x86_64-debian-clang 0.4.0 221.56 26.87 248.42 NOTE
r-devel-linux-x86_64-debian-gcc 0.4.0 361.19 26.25 387.44 NOTE
r-devel-windows-ix86+x86_64 0.4.0 1639.00 162.00 1801.00 NOTE
r-patched-linux-x86_64 0.4.0 366.86 30.24 397.10 NOTE
r-release-linux-ix86 0.4.0 455.82 40.82 496.65 NOTE
r-release-linux-x86_64 0.4.0 361.89 29.50 391.39 NOTE
r-release-osx-x86_64-mavericks 0.4.0 ERROR
r-release-osx-x86_64-snowleopard 0.4.0 ERROR
r-release-windows-ix86+x86_64 0.4.0 1616.00 170.00 1786.00 NOTE
r-oldrel-windows-ix86+x86_64 0.4.0 1122.00 145.00 1267.00 NOTE

Check Details

Version: 0.4.0
Check: installed package size
Result: NOTE
     installed size is 36.6Mb
     sub-directories of 1Mb or more:
     libs 36.1Mb
Flavors: r-devel-linux-x86_64-debian-clang, r-devel-linux-x86_64-debian-gcc, r-devel-windows-ix86+x86_64, r-patched-linux-x86_64, r-release-linux-ix86, r-release-linux-x86_64, r-release-windows-ix86+x86_64, r-oldrel-windows-ix86+x86_64

Version: 0.4.0
Check: dependencies in R code
Result: NOTE
    'library' or 'require' call to ‘rgl’ in package code.
     Please use :: or requireNamespace() instead.
     See section 'Suggested packages' in the 'Writing R Extensions' manual.
Flavors: r-devel-linux-x86_64-debian-clang, r-devel-linux-x86_64-debian-gcc, r-devel-windows-ix86+x86_64, r-patched-linux-x86_64

Version: 0.4.0
Check: S3 generic/method consistency
Result: NOTE
    Found the following apparent S3 methods exported but not registered:
     AmericanOption.default AmericanOptionImpliedVolatility.default
     AsianOption.default BarrierOption.default BermudanSwaption.default
     BinaryOption.default BinaryOptionImpliedVolatility.default
     CallableBond.default ConvertibleFixedCouponBond.default
     ConvertibleFloatingCouponBond.default
     ConvertibleZeroCouponBond.default DiscountCurve.default
     EuropeanOption.default EuropeanOptionImpliedVolatility.default
     FittedBondCurve.default FixedRateBond.default
     FixedRateBondPriceByYield.default FixedRateBondYield.default
     FloatingRateBond.default Schedule.default ZeroCouponBond.default
     ZeroPriceByYield.default ZeroYield.default plot.DiscountCurve
     summary.BKTree summary.G2Analytic summary.HWAnalytic summary.HWTree
    See section ‘Registering S3 methods’ in the ‘Writing R Extensions’
    manual.
Flavors: r-devel-linux-x86_64-debian-clang, r-devel-linux-x86_64-debian-gcc

Version: 0.4.0
Check: compiled code
Result: NOTE
    File 'RQuantLib/libs/i386/RQuantLib.dll':
     Found '_ZSt4cerr', possibly from 'std::cerr' (C++)
     Objects: 'RcppExports.o', 'asian.o', 'barrier_binary.o',
     'bermudan.o', 'bonds.o', 'calendars.o', 'curves.o', 'dates.o',
     'daycounter.o', 'discount.o', 'hullwhite.o', 'implieds.o',
     'modules.o', 'schedule.o', 'utils.o', 'vanilla.o', 'zero.o'
    File 'RQuantLib/libs/x64/RQuantLib.dll':
     Found '_ZSt4cerr', possibly from 'std::cerr' (C++)
     Objects: 'RcppExports.o', 'asian.o', 'barrier_binary.o',
     'bermudan.o', 'bonds.o', 'calendars.o', 'curves.o', 'dates.o',
     'daycounter.o', 'discount.o', 'hullwhite.o', 'implieds.o',
     'modules.o', 'schedule.o', 'utils.o', 'vanilla.o', 'zero.o'
    
    Compiled code should not call entry points which might terminate R nor
    write to stdout/stderr instead of to the console, nor the system RNG.
    
    See 'Writing portable packages' in the 'Writing R Extensions' manual.
Flavor: r-devel-windows-ix86+x86_64

Version: 0.4.0
Check: whether package can be installed
Result: ERROR
    Installation failed.
Flavors: r-release-osx-x86_64-mavericks, r-release-osx-x86_64-snowleopard

Version: 0.4.0
Check: compiled code
Result: NOTE
    File 'RQuantLib/libs/i386/RQuantLib.dll':
     Found '_ZSt4cerr', possibly from 'std::cerr' (C++)
     Objects: 'RcppExports.o', 'asian.o', 'barrier_binary.o',
     'bermudan.o', 'bonds.o', 'calendars.o', 'curves.o', 'dates.o',
     'daycounter.o', 'discount.o', 'hullwhite.o', 'implieds.o',
     'modules.o', 'schedule.o', 'utils.o', 'vanilla.o', 'zero.o'
    File 'RQuantLib/libs/x64/RQuantLib.dll':
     Found '_ZSt4cerr', possibly from 'std::cerr' (C++)
     Objects: 'RcppExports.o', 'asian.o', 'barrier_binary.o',
     'bermudan.o', 'bonds.o', 'calendars.o', 'curves.o', 'dates.o',
     'daycounter.o', 'discount.o', 'hullwhite.o', 'implieds.o',
     'modules.o', 'schedule.o', 'utils.o', 'vanilla.o', 'zero.o'
    
    Compiled code should not call entry points which might terminate R nor
    write to stdout/stderr instead of to the console, nor the C RNG.
    
    See 'Writing portable packages' in the 'Writing R Extensions' manual.
Flavor: r-release-windows-ix86+x86_64

Version: 0.4.0
Check: compiled code
Result: NOTE
    File 'd:/Rcompile/CRANpkg/lib/3.0/RQuantLib/libs/i386/RQuantLib.dll':
     Found '_ZSt4cerr', possibly from 'std::cerr' (C++)
     Objects: 'RcppExports.o', 'asian.o', 'barrier_binary.o',
     'bermudan.o', 'bonds.o', 'calendars.o', 'curves.o', 'dates.o',
     'daycounter.o', 'discount.o', 'hullwhite.o', 'implieds.o',
     'modules.o', 'schedule.o', 'utils.o', 'vanilla.o', 'zero.o'
    File 'd:/Rcompile/CRANpkg/lib/3.0/RQuantLib/libs/x64/RQuantLib.dll':
     Found '_ZSt4cerr', possibly from 'std::cerr' (C++)
     Objects: 'RcppExports.o', 'asian.o', 'barrier_binary.o',
     'bermudan.o', 'bonds.o', 'calendars.o', 'curves.o', 'dates.o',
     'daycounter.o', 'discount.o', 'hullwhite.o', 'implieds.o',
     'modules.o', 'schedule.o', 'utils.o', 'vanilla.o', 'zero.o'
    
    Compiled code should not call entry points which might terminate R nor
    write to stdout/stderr instead of to the console.
    
    See 'Writing portable packages' in the 'Writing R Extensions' manual.
Flavor: r-oldrel-windows-ix86+x86_64